[INFO] fetching crate gveditor-core 0.1.7...
[INFO] checking gveditor-core-0.1.7 against master#e6e4f7ed1589e03bc2f6c5931c1a72e7947e8682 for beta-170-4
[INFO] extracting crate gveditor-core 0.1.7 into /workspace/builds/worker-4-tc2/source
[INFO] validating manifest of crates.io crate gveditor-core 0.1.7 on toolchain e6e4f7ed1589e03bc2f6c5931c1a72e7947e8682
[INFO] running `Command { std: CARGO_HOME="/workspace/cargo-home" RUSTUP_HOME="/workspace/rustup-home" "/workspace/cargo-home/bin/cargo" "+e6e4f7ed1589e03bc2f6c5931c1a72e7947e8682" "metadata" "--manifest-path" "Cargo.toml" "--no-deps", kill_on_drop: false }`
[INFO] started tweaking crates.io crate gveditor-core 0.1.7
[INFO] finished tweaking crates.io crate gveditor-core 0.1.7
[INFO] tweaked toml for crates.io crate gveditor-core 0.1.7 written to /workspace/builds/worker-4-tc2/source/Cargo.toml
[INFO] crate crates.io crate gveditor-core 0.1.7 already has a lockfile, it will not be regenerated
[INFO] running `Command { std: CARGO_HOME="/workspace/cargo-home" RUSTUP_HOME="/workspace/rustup-home" "/workspace/cargo-home/bin/cargo" "+e6e4f7ed1589e03bc2f6c5931c1a72e7947e8682" "fetch" "--manifest-path" "Cargo.toml", kill_on_drop: false }`
[INFO] running `Command { std: "docker" "create" "-v" "/var/lib/crater-agent-workspace/builds/worker-4-tc2/target:/opt/rustwide/target:rw,Z" "-v" "/var/lib/crater-agent-workspace/builds/worker-4-tc2/source:/opt/rustwide/workdir:ro,Z" "-v" "/var/lib/crater-agent-workspace/cargo-home:/opt/rustwide/cargo-home:ro,Z" "-v" "/var/lib/crater-agent-workspace/rustup-home:/opt/rustwide/rustup-home:ro,Z" "-e" "SOURCE_DIR=/opt/rustwide/workdir" "-e" "CARGO_TARGET_DIR=/opt/rustwide/target" "-e" "CARGO_HOME=/opt/rustwide/cargo-home" "-e" "RUSTUP_HOME=/opt/rustwide/rustup-home" "-w" "/opt/rustwide/workdir" "-m" "1610612736" "--user" "0:0" "--network" "none" "ghcr.io/rust-lang/crates-build-env/linux@sha256:19e73879b68f455e41552ea35293514db52ea292d993f571636dbffedb77a1ee" "/opt/rustwide/cargo-home/bin/cargo" "+e6e4f7ed1589e03bc2f6c5931c1a72e7947e8682" "metadata" "--no-deps" "--format-version=1", kill_on_drop: false }`
[INFO] [stdout] 2909ab7dad691076f6fc666075122d6bde35beaae55303035f3b5955eefdaf82
[INFO] running `Command { std: "docker" "start" "-a" "2909ab7dad691076f6fc666075122d6bde35beaae55303035f3b5955eefdaf82", kill_on_drop: false }`
[INFO] running `Command { std: "docker" "inspect" "2909ab7dad691076f6fc666075122d6bde35beaae55303035f3b5955eefdaf82", kill_on_drop: false }`
[INFO] running `Command { std: "docker" "rm" "-f" "2909ab7dad691076f6fc666075122d6bde35beaae55303035f3b5955eefdaf82", kill_on_drop: false }`
[INFO] [stdout] 2909ab7dad691076f6fc666075122d6bde35beaae55303035f3b5955eefdaf82
[INFO] running `Command { std: "docker" "create" "-v" "/var/lib/crater-agent-workspace/builds/worker-4-tc2/target:/opt/rustwide/target:rw,Z" "-v" "/var/lib/crater-agent-workspace/builds/worker-4-tc2/source:/opt/rustwide/workdir:ro,Z" "-v" "/var/lib/crater-agent-workspace/cargo-home:/opt/rustwide/cargo-home:ro,Z" "-v" "/var/lib/crater-agent-workspace/rustup-home:/opt/rustwide/rustup-home:ro,Z" "-e" "SOURCE_DIR=/opt/rustwide/workdir" "-e" "CARGO_TARGET_DIR=/opt/rustwide/target" "-e" "CARGO_INCREMENTAL=0" "-e" "RUST_BACKTRACE=full" "-e" "RUSTFLAGS=--cap-lints=forbid" "-e" "RUSTDOCFLAGS=--cap-lints=forbid" "-e" "CARGO_HOME=/opt/rustwide/cargo-home" "-e" "RUSTUP_HOME=/opt/rustwide/rustup-home" "-w" "/opt/rustwide/workdir" "-m" "1610612736" "--user" "0:0" "--network" "none" "ghcr.io/rust-lang/crates-build-env/linux@sha256:19e73879b68f455e41552ea35293514db52ea292d993f571636dbffedb77a1ee" "/opt/rustwide/cargo-home/bin/cargo" "+e6e4f7ed1589e03bc2f6c5931c1a72e7947e8682" "check" "--frozen" "--all" "--all-targets" "--message-format=json", kill_on_drop: false }`
[INFO] [stdout] dfe6d3fb06f24256d22fd416c3a20ec2e048e295d7379fe99ac50f376738d59e
[INFO] running `Command { std: "docker" "start" "-a" "dfe6d3fb06f24256d22fd416c3a20ec2e048e295d7379fe99ac50f376738d59e", kill_on_drop: false }`
[INFO] [stderr]    Compiling proc-macro2 v1.0.38
[INFO] [stderr]    Compiling libc v0.2.125
[INFO] [stderr]    Compiling syn v1.0.94
[INFO] [stderr]    Compiling futures-core v0.3.21
[INFO] [stderr]    Compiling log v0.4.17
[INFO] [stderr]    Compiling futures-channel v0.3.21
[INFO] [stderr]    Compiling futures-task v0.3.21
[INFO] [stderr]     Checking tinyvec_macros v0.1.0
[INFO] [stderr]     Checking tinyvec v1.6.0
[INFO] [stderr]     Checking matches v0.1.9
[INFO] [stderr]     Checking futures-sink v0.3.21
[INFO] [stderr]    Compiling futures-util v0.3.21
[INFO] [stderr]     Checking ppv-lite86 v0.2.16
[INFO] [stderr]     Checking futures-io v0.3.21
[INFO] [stderr]    Compiling getrandom v0.1.16
[INFO] [stderr]     Checking futures v0.1.31
[INFO] [stderr]     Checking slab v0.4.6
[INFO] [stderr]     Checking unicode-bidi v0.3.8
[INFO] [stderr]    Compiling typenum v1.15.0
[INFO] [stderr]    Compiling generic-array v0.14.5
[INFO] [stderr]     Checking bytes v1.1.0
[INFO] [stderr]    Compiling quote v1.0.18
[INFO] [stderr]     Checking unicode-normalization v0.1.19
[INFO] [stderr]    Compiling lock_api v0.4.7
[INFO] [stderr]     Checking num_cpus v1.13.1
[INFO] [stderr]    Compiling parking_lot_core v0.8.5
[INFO] [stderr]     Checking socket2 v0.4.4
[INFO] [stderr]     Checking rand_core v0.5.1
[INFO] [stderr]     Checking mio v0.8.3
[INFO] [stderr]     Checking instant v0.1.12
[INFO] [stderr]    Compiling serde v1.0.137
[INFO] [stderr]     Checking once_cell v1.10.0
[INFO] [stderr]     Checking smallvec v1.8.0
[INFO] [stderr]     Checking rand_chacha v0.2.2
[INFO] [stderr]     Checking tokio v1.18.2
[INFO] [stderr]     Checking getrandom v0.2.6
[INFO] [stderr]     Checking idna v0.1.5
[INFO] [stderr]     Checking rand v0.7.3
[INFO] [stderr]     Checking rand_core v0.6.3
[INFO] [stderr]     Checking parking_lot v0.11.2
[INFO] [stderr]     Checking percent-encoding v1.0.1
[INFO] [stderr]    Compiling httparse v1.7.1
[INFO] [stderr]    Compiling convert_case v0.4.0
[INFO] [stderr]     Checking percent-encoding v2.1.0
[INFO] [stderr]    Compiling async-trait v0.1.53
[INFO] [stderr]     Checking form_urlencoded v1.0.1
[INFO] [stderr]     Checking url v1.7.2
[INFO] [stderr]     Checking rand_chacha v0.3.1
[INFO] [stderr]     Checking idna v0.2.3
[INFO] [stderr]     Checking tracing-core v0.1.26
[INFO] [stderr]     Checking fnv v1.0.7
[INFO] [stderr]     Checking cpufeatures v0.2.2
[INFO] [stderr]     Checking http v0.2.7
[INFO] [stderr]     Checking crypto-common v0.1.3
[INFO] [stderr]     Checking block-buffer v0.10.2
[INFO] [stderr]     Checking rand v0.8.5
[INFO] [stderr]     Checking digest v0.10.3
[INFO] [stderr]     Checking url v2.2.2
[INFO] [stderr]     Checking sha-1 v0.10.0
[INFO] [stderr]     Checking byteorder v1.4.3
[INFO] [stderr]     Checking base64 v0.13.0
[INFO] [stderr]     Checking utf-8 v0.7.6
[INFO] [stderr]     Checking tokio-stream v0.1.8
[INFO] [stderr]    Compiling toml v0.5.9
[INFO] [stderr]    Compiling proc-macro-crate v0.1.5
[INFO] [stderr]    Compiling futures-macro v0.3.21
[INFO] [stderr]    Compiling serde_derive v1.0.137
[INFO] [stderr]    Compiling derive_more v0.99.17
[INFO] [stderr]    Compiling thiserror-impl v1.0.31
[INFO] [stderr]    Compiling tracing-attributes v0.1.21
[INFO] [stderr]    Compiling async-stream-impl v0.3.3
[INFO] [stderr]    Compiling jsonrpc-derive v18.0.0
[INFO] [stderr]     Checking async-stream v0.3.3
[INFO] [stderr]     Checking tokio-test v0.4.2
[INFO] [stderr]     Checking thiserror v1.0.31
[INFO] [stderr]     Checking tungstenite v0.17.2
[INFO] [stderr]     Checking tracing v0.1.34
[INFO] [stderr]     Checking futures-executor v0.3.21
[INFO] [stderr]     Checking tokio-tungstenite v0.17.1
[INFO] [stderr]     Checking futures v0.3.21
[INFO] [stderr]     Checking serde_json v1.0.81
[INFO] [stderr]     Checking jsonrpc-core v18.0.0
[INFO] [stderr]     Checking gveditor-core-api v0.1.7
[INFO] [stderr]     Checking jsonrpc-pubsub v18.0.0
[INFO] [stderr]     Checking jsonrpc-client-transports v18.0.0
[INFO] [stderr]     Checking jsonrpc-core-client v18.0.0
[INFO] [stderr]     Checking gveditor-core v0.1.7 (/opt/rustwide/workdir)
[INFO] [stdout] error[E0432]: unresolved import `gveditor_core::handlers::HTTPHandler`
[INFO] [stdout]  --> examples/http.rs:4:5
[INFO] [stdout]   |
[INFO] [stdout] 4 | use gveditor_core::handlers::HTTPHandler;
[INFO] [stdout]   |     ^^^^^^^^^^^^^^^^^^^^^^^^^^^^^^^^^^^^ no `HTTPHandler` in `handlers`
[INFO] [stdout] 
[INFO] [stdout] 
[INFO] [stdout] error[E0433]: failed to resolve: could not find `main` in `tokio`
[INFO] [stdout]   --> examples/http.rs:12:10
[INFO] [stdout]    |
[INFO] [stdout] 12 | #[tokio::main]
[INFO] [stdout]    |          ^^^^ could not find `main` in `tokio`
[INFO] [stdout] 
[INFO] [stdout] 
[INFO] [stdout] error[E0752]: `main` function is not allowed to be `async`
[INFO] [stdout]   --> examples/http.rs:13:1
[INFO] [stdout]    |
[INFO] [stdout] 13 | async fn main() {
[INFO] [stdout]    | ^^^^^^^^^^^^^^^ `main` function is not allowed to be `async`
[INFO] [stdout] 
[INFO] [stdout] 
[INFO] [stdout] error: aborting due to 3 previous errors
[INFO] [stdout] 
[INFO] [stdout] 
[INFO] [stdout] Some errors have detailed explanations: E0432, E0433, E0752.
[INFO] [stdout] 
[INFO] [stdout] For more information about an error, try `rustc --explain E0432`.
[INFO] [stdout] 
[INFO] [stderr] error: could not compile `gveditor-core` (example "http") due to 4 previous errors
[INFO] running `Command { std: "docker" "inspect" "dfe6d3fb06f24256d22fd416c3a20ec2e048e295d7379fe99ac50f376738d59e", kill_on_drop: false }`
[INFO] running `Command { std: "docker" "rm" "-f" "dfe6d3fb06f24256d22fd416c3a20ec2e048e295d7379fe99ac50f376738d59e", kill_on_drop: false }`
[INFO] [stdout] dfe6d3fb06f24256d22fd416c3a20ec2e048e295d7379fe99ac50f376738d59e
